number?
False
Suppose 2*q = -0*q + 410. Is q a prime number?
False
Let f(r) be the first derivative of r**3/3 + 5*r**2/2 + 11*r + 4. Is f(8) a prime number?
False
Let c(g) = -12*g**3 - g. Let k be c(-1). Suppose o = k - 47. Let w = 19 - o. Is w a composite number?
False
Suppose -5*r = 10, -3*a + 2410 = -2*r + 507. Is a a prime number?
False
Is (499/(-1))/((-2)/(6/3)) a prime number?
True
Suppose -4*i - 4491 = -13*i. Is i composite?
False
Suppose 3*n - 19 - 110 = 3*w, w + 119 = 3*n. Is n a prime number?
False
Let r = -16 + 9. Let k(j) = -5*j**2 + 4*j + 12. Let q(l) = -l**2 + 1. Let c(b) = -k(b) + 4*q(b). Is c(r) a prime number?
False
Let z(m) = m + 6. Let y be z(-5). Let c(p) = -p. Let b(j) = -52*j**2 + j. Let x(q) = -b(q) - 2*c(q). Is x(y) a composite number?
False
Suppose 781 = 4*k + 277. Let c = -73 + k. Is c + 2 + (-5 - -3) composite?
False
Let y(u) = -20*u**2 + 1. Let n be y(1). Let x = n - -40. Is x composite?
True
Suppose -3*p + 342 = -5*k + 2*k, -2*k + 5*p = 234. Let c = k - -195. Is c a prime number?
True
Let z = -1 - -5. Suppose 4*t = 3*k - 63, k + z*t - 137 = -4*k. Is k a composite number?
True
Let b = 7 - 7. Suppose k + 4*l - 39 = b, -64 = -2*k - 3*l + 2*l. Is k composite?
False
Let p be (59/(-3))/(1/3). Let v = p + 85. Is v prime?
False
Suppose -4*l + 1308 = -3*l. Let c = 677 - l. Let i = c - -1188. Is i prime?
True
Let r(d) = 30*d + 41. Is r(12) a composite number?
False
Let h = 93 - 41. Suppose 0 = d - 5*d - h. Let v = 10 - d. Is v a composite number?
False
Suppose 3*k - 9 = -3*f - 0*f, 3*f + k = 13. Let t(a) = -a**2 + 4*a + 5. Let r be t(f). Is (1 - r)/((-1)/(-35)) a prime number?
False
Suppose 6*n = 5*n + 187. Is n a composite number?
True
Suppose -2*j + 5*c - 546 = -3*j, 0 = -3*c + 3. Is j composite?
False
Suppose -270 = -5*x - 90. Suppose -d + 2*g + 14 = 0, 2*g + 2*g + x = 4*d. Is (-98)/d*(-1 + -1) composite?
True
Let j = 2 - 3. Let n be (-142)/j + (2 - 2). Is n/3 - (-3)/(-9) a prime number?
True
Let z(g) be the first derivative of -17*g**2/2 - 2*g - 2. Is z(-3) a composite number?
True
Is (-5121 + 5)/(-4) - 2 prime?
True
Let s = 21 + -6. Suppose s*z = 12*z + 369. Is z composite?
True
Suppose -4*d + 1224 = -2*h, 0 = -2*d + 4*h - h + 608. Is d a prime number?
True
Let c(y) = 30*y - 10. Let k be c(10). Let p = -133 + k. Is p composite?
False
Is (-1 + 1434/(-4))/((-2)/4) a composite number?
False
Suppose 3*g - 4 = -7. Let v be 30 + 0 + 2*g. Suppose 3*y = v + 17. Is y composite?
True
Is (-319)/((-1)/((-1)/(-2)))*2 a composite number?
True
Suppose -4*u - 4*v - 20 = 0, 3*u - 5*v - 26 = -1. Let f(o) = -o**2 + o - 8. Let y be f(u). Let l = 23 + y. Is l a prime number?
False
Suppose -4*k + 8 = -2*k. Suppose -4*r + 403 = 5*p, -p + k*p + 2*r = 243. Is p prime?
True
Let p be 252/(-52) - 4/26. Let x = p + 8. Is x a composite number?
False
Suppose 3*n - 3*f = -6 - 12, 4*n + 4*f - 16 = 0. Let o(p) = 2*p**3 - 2*p**2 + p - 4. Let g be o(4). Is n - g/2*-2 a prime number?
False
Let q(t) = 3*t + 3 - t**2 + 5 + 8*t. Let r be q(9). Suppose 2*d - 3*s = r, -5*d + 40 - 1 = -s. Is d prime?
True
Let b be (-1)/2 + 65/10. Let t(h) = -h**2 + 9*h - 9. Let a be t(b). Let u(m) = 8*m - 5. Is u(a) composite?
False
Let x(m) = -m**3 + 5*m**2 + 4*m + 3. Let b be 80/(-4)*(-2)/8. Is x(b) a prime number?
True
Let w = 12 + -9. Is 2233/44*(1 + w) a prime number?
False
Let u(c) = c**2 - 3*c - 1. Let k be u(-6). Suppose 0 - 9 = -3*m. Suppose 3*x = -2*j - 2*j + k, 0 = -x - 5*j + m. Is x a prime number?
True
Is 2488/7 + (-36)/84 a composite number?
True
Is ((-627)/3)/(-2 - -1) a prime number?
False
Suppose m + 10 = -4*m, 4*m = -4*g + 108. Let i = g - -2. Let t = i + 3. Is t prime?
False
Suppose -f = -4*f + 1311. Let z = f - 310. Is z a composite number?
False
Let t = -65 + 120. Is t prime?
False
Suppose -109 = u - 878. Is u prime?
True
Let b be -4 - (-1 + (-1 - -1)). Let a(h) = h**3 + 3*h**2 - 2*h - 3. Let g be a(b). Suppose q = 2*p + 45, -2*q + g*q - 50 = p. Is q prime?
False
Let y = 4 - 0. Suppose y*c = 4*t + 132, 3*c - 4*t - 37 = 58. Is c a composite number?
False
Is 113/3 - 28/42 a prime number?
True
Let z be 9/(-4)*24/(-9). Suppose -o = 2*o - z. Suppose -17 = -o*h + 53. Is h a prime number?
False
Is (40/(-12) - -4)/((-4)/(-3246)) a prime number?
True
Is ((-3)/(-3) + 4)*436/20 composite?
False
Suppose -4*b - 55 - 27 = -2*k, 0 = -3*k + b + 103. Let f = k - -22. Is f a composite number?
True
Let o be 1 + 12 + 0 + 0. Suppose 4*t = -u - 2 - 3, -5*t - 1 = -4*u. Is 1/((u + 2)/o) prime?
True
Let f(d) be the third derivative of d**6/30 + d**4/12 - d**3/6 + 3*d**2. Let b be f(1). Suppose -4*x = -b*x + 53. Is x composite?
False
Let v = 1 + 2. Suppose -4*g = x - 0*g - 53, v*x = 5*g + 210. Is x a prime number?
False
Suppose 4*t = 40 + 100. Is t a composite number?
True
Let u = 2714 + -1578. Let k = u - 573. Is k prime?
True
Is 0 - -467*(-1)/3*-3 prime?
True
Suppose -2*o + 7*o - 20 = 0. Suppose 2*f = r + 469, -o*f + 4*r = -r - 953. Suppose 5*z - 384 = u, -3*u = 4*z - 79 - f. Is z prime?
False
Let i = 0 - -2. Suppose i*b - 56 = -t, -4*t + 307 = -b + 128. Is t prime?
False
Suppose 6 = -0*i + 2*i, 3*z = -5*i + 51. Let r = z + -6. Is (r/9)/(2/111) composite?
False
Let v(d) = 840*d**2 + d - 2. Is v(1) a prime number?
True
Is 6/8 + 363/12 composite?
False
Let g(q) = -2*q + 3. Let p be g(-4). Let m = p - 7. Suppose -5*t = 5*n - 210, 2*n = m*t + n - 143. Is t a prime number?
True
Let b(w) = 0*w**3 + 5*w**3 - 2*w - 2 + 2*w**2 + 4*w**3. Let q be (-6)/(-2)*6/9. Is b(q) a composite number?
True
Suppose -3*l = -2*o - 11, 0 = -o - 0*o + 2*l - 8. Suppose -o*p + p - 5*s = -262, 516 = 2*p + 2*s. Is p a composite number?
False
Suppose 5*k = 5*r - 445, -4*k - 16 = -0*k. Suppose 480 = 5*c + r. Is c prime?
True
Suppose -o + 197 = -3*o + 5*j, -2*j = -5*o - 461. Let r be o/(-5) + 6/(-30). Is (-4)/r - (-1916)/36 a composite number?
False
Suppose 0*u + 5*u = 40. Let g(z) = z**3 - 8*z**2 - z + 8. Let h be g(u). Is (h + 1)/((-1)/(-37)) prime?
True
Suppose 2*y = -3*y - 30. Let h(q) = q**3 + 7*q**2 + 4. Let n be h(y). Is -3 + n + 0 + -2 prime?
False
Suppose 0 = 2*j - 4*j + 12. Let q(h) = 0*h + j + h - 2*h + 143. Is q(0) composite?
False
Suppose 9*g + f = 4*g + 16, 4*g - 5*f - 36 = 0. Is ((-22)/4)/(g/(-8)) a composite number?
False
Let r(g) be the third derivative of 0*g + 3*g**2 - 5/12*g**4 - 3/2*g**3 + 0. Is r(-6) a prime number?
False
Suppose -s - 58 + 185 = 0. Is s prime?
True
Let c(t) = 15*t**2 - 4*t - 4. Is c(-5) prime?
False
Suppose 3*l - 1289 - 3143 = -5*n, -3543 = -4*n - 5*l. Is n composite?
False
Let z(x) = 34*x - 13. Is z(6) prime?
True
Suppose 2*w - w - 4*o - 619 = 0, -2*w = -4*o - 1242. Let r = w + -124. Is r composite?
False
Suppose -k = 2*t - 6*k - 1392, 0 = -2*t - 3*k + 1376. Let h = -272 + t. Is h a prime number?
True
Suppose -43*a + 6522 = -37*a. Is a composite?
False
Suppose 5*p + 0*p - 2700 = 0. Let x be (-1)/3*0/11. Suppose 3*a - 7*a - p = -4*r, -r - 3*a + 119 = x. Is r a composite number?
False
Let g be 0/((-3)/6*-4). Let a(q) = 17*q**2 - 3*q - 2. Let h be a(-2). Suppose 2*l - x = 34, -4*l + x = -g*l - h. Is l a composite number?
False
Let x(v) = 2*v**2 + 39*v - 26*v - 1 - 18*v. Let w(n) = n**2 - 5*n + 4. Let h be w(5). Is x(h) composite?
False
Suppose 4*j - 7621 = 3*j. Is j prime?
True
Suppose 425 = 5*j - 545. Suppose -4*p - 2*i = -234 - 138, 2*p = i + j. Suppose 2*n + p = 3*n. Is n prime?
False
Suppose 0 = -3*f - f. Let t(v) = 82 - 28 + v**3 + 93 + 70. Is t(f) a composite number?
True
Is 128/((-4)/(-1)) - -3 composite?
True
Let n = -45 - 25. Is -6 + 3 + 0 - n composite?
False
Let s be (-42)/(1/((-32)/12)). Suppose 0 = 2*x + 4*y - s, -x = -0*y + 3*y - 55. Is x a prime number?
False
Is (4/6)/2 - (-3645792)/216 prime?
True
Suppose -2*t + 238 = 4*f, 0*f - 2*f + 134 = -4*t. Let u = -60 - -84. Let q = f - u. Is q a prime number?
True
Suppose 5*p = 2*f + 14907, 0 = -0*p - 2*p + 3*f + 5954. Is p a prime number?
False
Let u(k) = 77*k**3. Is u(1) prime?
False
Suppose 130 = l - 19. Is l composite?
False
Let r be (-1)/4 - 2004/(-16). Let p = r - 9. Suppose 479 = 5*y - p. Is y composite?
True
Let u(f) = -f**3 + 5*f**2 - 2*f + 1. Let y be u(4). Is ((-1041)/y)/(3/(-9)) a composite number?
False
Let i = -2 + 0. Is (23/i)/(4/(-8)) composite?
False
Let p(x) = -92*x - 8. Let y be p(-3). Suppose 0 = -